{"id":3768,"date":"2023-02-26T12:48:21","date_gmt":"2023-02-26T11:48:21","guid":{"rendered":"http:\/\/web345.server26.webgo24.de\/?page_id=3768"},"modified":"2023-04-16T17:21:34","modified_gmt":"2023-04-16T15:21:34","slug":"ueber-uns","status":"publish","type":"page","link":"https:\/\/www.fsv-nuertingen.de\/?page_id=3768","title":{"rendered":"Der Verein"},"content":{"rendered":"\t\t<div data-elementor-type=\"wp-page\" data-elementor-id=\"3768\" class=\"elementor elementor-3768\">\n\t\t\t\t\t\t<section class=\"elementor-section elementor-top-section elementor-element elementor-element-3cafddf2 elementor-section-height-min-height elementor-section-boxed elementor-section-height-default elementor-section-items-middle\" data-id=\"3cafddf2\" data-element_type=\"section\" data-settings=\"{&quot;background_background&quot;:&quot;classic&quot;}\">\n\t\t\t\t\t\t\t<div class=\"elementor-background-overlay\"><\/div>\n\t\t\t\t\t\t\t<div class=\"elementor-container elementor-column-gap-default\">\n\t\t\t\t\t<div class=\"elementor-column elementor-col-100 elementor-top-column elementor-element elementor-element-30539553\" data-id=\"30539553\" data-element_type=\"column\">\n\t\t\t<div class=\"elementor-widget-wrap\">\n\t\t\t\t\t\t\t<\/div>\n\t\t<\/div>\n\t\t\t\t\t<\/div>\n\t\t<\/section>\n\t\t\t\t<section class=\"elementor-section elementor-top-section elementor-element elementor-element-7e1592ef elementor-section-boxed elementor-section-height-default elementor-section-height-default\" data-id=\"7e1592ef\" data-element_type=\"section\">\n\t\t\t\t\t\t<div class=\"elementor-container elementor-column-gap-default\">\n\t\t\t\t\t<div class=\"elementor-column elementor-col-100 elementor-top-column elementor-element elementor-element-55e66c30\" data-id=\"55e66c30\" data-element_type=\"column\">\n\t\t\t<div class=\"elementor-widget-wrap elementor-element-populated\">\n\t\t\t\t\t\t<div class=\"elementor-element elementor-element-25b2d09 elementor-widget elementor-widget-heading\" data-id=\"25b2d09\" data-element_type=\"widget\" data-widget_type=\"heading.default\">\n\t\t\t\t<div class=\"elementor-widget-container\">\n\t\t\t<h2 class=\"elementor-heading-title elementor-size-default\">Der Verein.<\/h2>\t\t<\/div>\n\t\t\t\t<\/div>\n\t\t\t\t\t<\/div>\n\t\t<\/div>\n\t\t\t\t\t<\/div>\n\t\t<\/section>\n\t\t\t\t<section class=\"elementor-section elementor-top-section elementor-element elementor-element-6a3ee20 elementor-section-boxed elementor-section-height-default elementor-section-height-default\" data-id=\"6a3ee20\" data-element_type=\"section\">\n\t\t\t\t\t\t<div class=\"elementor-container elementor-column-gap-default\">\n\t\t\t\t\t<div class=\"elementor-column elementor-col-100 elementor-top-column elementor-element elementor-element-2a566f7\" data-id=\"2a566f7\" data-element_type=\"column\">\n\t\t\t<div class=\"elementor-widget-wrap elementor-element-populated\">\n\t\t\t\t\t\t<div class=\"elementor-element elementor-element-638ef4d elementor-widget elementor-widget-text-editor\" data-id=\"638ef4d\" data-element_type=\"widget\" data-widget_type=\"text-editor.default\">\n\t\t\t\t<div class=\"elementor-widget-container\">\n\t\t\t\t\t\t\t<p>Wir sind eine Gemeinschaft von derzeit etwa 40 flugbegeisterten aktiven Mitgliedern, die haupts\u00e4chlich Segel- und Motorflug betreiben. Eine gelungene Mischung aus vielen jungen Mitgliedern und auch einigen &#8220;alten Hasen&#8221; macht uns zu einer sehr agilen Gruppe, in der immer etwas los ist.<\/p><p>Wie viele Flugsportvereine und Fliegergruppen sind auch wir aus einer Gruppe wagemutiger M\u00e4nner entstanden, die sich im Jahr 1928 in N\u00fcrtingen zusammenfanden, um den damals noch jungen Traum vom Fliegen zu verwirklichen. In den folgenden Jahrzehnten wurden gemeinschaftlich viele Segelflugzeuge selber gebaut und geflogen. Auch beim Aufbau des Fluggel\u00e4ndes Hahnweide, auf dem wir bis heute fliegerisch beheimatet sind, war der Flugsportverein N\u00fcrtingen von der ersten Stunde an dabei.<\/p><p>Als in den 70er Jahren der Eigenbau der Flugzeuge nicht mehr m\u00f6glich war, begann der Verein eine Lohnarbeit f\u00fcr eine ortsans\u00e4ssige Firma auszuf\u00fchren, um den Kauf und Unterhalt moderner Flugzeuge finanzieren zu k\u00f6nnen. Diese T\u00e4tigkeit konnte bis heute erhalten werden. Deshalb verf\u00fcgt der Verein \u00fcber einen der hochwertigsten Flugzeugparks der Region, auf den wir alle sehr stolz sind.<\/p><p>Bei den Werkstattabenden in unserem Vereinsheim in N\u00fcrtingen k\u00fcmmern wir uns neben der Lohnarbeit gemeinsam um die Wartung und den Erhalt der Flugzeugflotte und der anderen Ausr\u00fcstung. Deshalb ist bei uns rund ums Jahr immer was los!<\/p>\t\t\t\t\t\t<\/div>\n\t\t\t\t<\/div>\n\t\t\t\t\t<\/div>\n\t\t<\/div>\n\t\t\t\t\t<\/div>\n\t\t<\/section>\n\t\t\t\t<section class=\"elementor-section elementor-top-section elementor-element elementor-element-48760bc elementor-section-boxed elementor-section-height-default elementor-section-height-default\" data-id=\"48760bc\" data-element_type=\"section\">\n\t\t\t\t\t\t<div class=\"elementor-container elementor-column-gap-default\">\n\t\t\t\t\t<div class=\"elementor-column elementor-col-100 elementor-top-column elementor-element elementor-element-64ff4b9\" data-id=\"64ff4b9\" data-element_type=\"column\">\n\t\t\t<div class=\"elementor-widget-wrap elementor-element-populated\">\n\t\t\t\t\t\t<div class=\"elementor-element elementor-element-62bfb0f elementor-widget elementor-widget-spacer\" data-id=\"62bfb0f\" data-element_type=\"widget\" data-widget_type=\"spacer.default\">\n\t\t\t\t<div class=\"elementor-widget-container\">\n\t\t\t\t\t<div class=\"elementor-spacer\">\n\t\t\t<div class=\"elementor-spacer-inner\"><\/div>\n\t\t<\/div>\n\t\t\t\t<\/div>\n\t\t\t\t<\/div>\n\t\t\t\t\t<\/div>\n\t\t<\/div>\n\t\t\t\t\t<\/div>\n\t\t<\/section>\n\t\t\t\t<\/div>\n\t\t","protected":false},"excerpt":{"rendered":"<p>Der Verein. Wir sind eine Gemeinschaft von derzeit etwa 40 flugbegeisterten aktiven Mitgliedern, die haupts\u00e4chlich Segel- und Motorflug [&hellip;]<\/p>\n","protected":false},"author":1,"featured_media":0,"parent":0,"menu_order":0,"comment_status":"closed","ping_status":"closed","template":"elementor_header_footer","meta":{"footnotes":""},"class_list":["post-3768","page","type-page","status-publish","hentry","rishi-post","no-post-thumbnail"],"rishi__cb_customizer_meta":"","_links":{"self":[{"href":"https:\/\/www.fsv-nuertingen.de\/index.php?rest_route=\/wp\/v2\/pages\/3768","targetHints":{"allow":["GET"]}}],"collection":[{"href":"https:\/\/www.fsv-nuertingen.de\/index.php?rest_route=\/wp\/v2\/pages"}],"about":[{"href":"https:\/\/www.fsv-nuertingen.de\/index.php?rest_route=\/wp\/v2\/types\/page"}],"author":[{"embeddable":true,"href":"https:\/\/www.fsv-nuertingen.de\/index.php?rest_route=\/wp\/v2\/users\/1"}],"replies":[{"embeddable":true,"href":"https:\/\/www.fsv-nuertingen.de\/index.php?rest_route=%2Fwp%2Fv2%2Fcomments&post=3768"}],"version-history":[{"count":92,"href":"https:\/\/www.fsv-nuertingen.de\/index.php?rest_route=\/wp\/v2\/pages\/3768\/revisions"}],"predecessor-version":[{"id":7135,"href":"https:\/\/www.fsv-nuertingen.de\/index.php?rest_route=\/wp\/v2\/pages\/3768\/revisions\/7135"}],"wp:attachment":[{"href":"https:\/\/www.fsv-nuertingen.de\/index.php?rest_route=%2Fwp%2Fv2%2Fmedia&parent=3768"}],"curies":[{"name":"wp","href":"https:\/\/api.w.org\/{rel}","templated":true}]}}