{"id":4332,"date":"2023-03-19T08:48:17","date_gmt":"2023-03-19T07:48:17","guid":{"rendered":"http:\/\/web345.server26.webgo24.de\/?page_id=4332"},"modified":"2023-05-08T16:21:02","modified_gmt":"2023-05-08T14:21:02","slug":"das-team","status":"publish","type":"page","link":"https:\/\/www.fsv-nuertingen.de\/?page_id=4332","title":{"rendered":"Das Team"},"content":{"rendered":"\t\t<div data-elementor-type=\"wp-page\" data-elementor-id=\"4332\" class=\"elementor elementor-4332\">\n\t\t\t\t\t\t<section class=\"elementor-section elementor-top-section elementor-element elementor-element-fdc9a59 elementor-section-height-min-height elementor-section-boxed elementor-section-height-default elementor-section-items-middle\" data-id=\"fdc9a59\" data-element_type=\"section\" data-settings=\"{&quot;background_background&quot;:&quot;classic&quot;}\">\n\t\t\t\t\t\t\t<div class=\"elementor-background-overlay\"><\/div>\n\t\t\t\t\t\t\t<div class=\"elementor-container elementor-column-gap-default\">\n\t\t\t\t\t<div class=\"elementor-column elementor-col-100 elementor-top-column elementor-element elementor-element-232794ca\" data-id=\"232794ca\" data-element_type=\"column\">\n\t\t\t<div class=\"elementor-widget-wrap\">\n\t\t\t\t\t\t\t<\/div>\n\t\t<\/div>\n\t\t\t\t\t<\/div>\n\t\t<\/section>\n\t\t\t\t<section class=\"elementor-section elementor-top-section elementor-element elementor-element-7cc972fa elementor-section-boxed elementor-section-height-default elementor-section-height-default\" data-id=\"7cc972fa\" data-element_type=\"section\">\n\t\t\t\t\t\t<div class=\"elementor-container elementor-column-gap-default\">\n\t\t\t\t\t<div class=\"elementor-column elementor-col-100 elementor-top-column elementor-element elementor-element-6ca7aea1\" data-id=\"6ca7aea1\" data-element_type=\"column\">\n\t\t\t<div class=\"elementor-widget-wrap elementor-element-populated\">\n\t\t\t\t\t\t<div class=\"elementor-element elementor-element-66056992 elementor-widget elementor-widget-heading\" data-id=\"66056992\" data-element_type=\"widget\" data-widget_type=\"heading.default\">\n\t\t\t\t<div class=\"elementor-widget-container\">\n\t\t\t<h2 class=\"elementor-heading-title elementor-size-default\">Das Team.<\/h2>\t\t<\/div>\n\t\t\t\t<\/div>\n\t\t\t\t\t<\/div>\n\t\t<\/div>\n\t\t\t\t\t<\/div>\n\t\t<\/section>\n\t\t\t\t<section class=\"elementor-section elementor-top-section elementor-element elementor-element-7254bf7 elementor-section-boxed elementor-section-height-default elementor-section-height-default\" data-id=\"7254bf7\" data-element_type=\"section\">\n\t\t\t\t\t\t<div class=\"elementor-container elementor-column-gap-default\">\n\t\t\t\t\t<div class=\"elementor-column elementor-col-100 elementor-top-column elementor-element elementor-element-3d187ac\" data-id=\"3d187ac\" data-element_type=\"column\">\n\t\t\t<div class=\"elementor-widget-wrap elementor-element-populated\">\n\t\t\t\t\t\t<div class=\"elementor-element elementor-element-5fb9951 elementor-widget elementor-widget-text-editor\" data-id=\"5fb9951\" data-element_type=\"widget\" data-widget_type=\"text-editor.default\">\n\t\t\t\t<div class=\"elementor-widget-container\">\n\t\t\t\t\t\t\t<p>Zu jedem Verein geh\u00f6rt ein Vorstandsteam. Dieses k\u00fcmmert sich um die Organisation des Vereins, finanzielle sowie rechtliche Angelegenheiten und vertreten den Verein nach au\u00dfen, zum Beispiel gegen\u00fcber der Stadt N\u00fcrtingen oder dem Baden-W\u00fcrttembergischen Luftfahrtverband.<\/p><p>In regelm\u00e4\u00dfigen Abst\u00e4nden finden Ausschussitzungen statt, die von den Vorstandsmitgliedern abgehalten werden. Dabei werden aktuelle Vereinsangelegenheiten besprochen und koordiniert. Besonders wichtige Themen, wie beispielsweise gr\u00f6\u00dferere Neuanschaffungen im Flugzeugpark, werden in den j\u00e4hrlich stattfindenen Mitgliederversammlungen nat\u00fcrlich gemeinsam entschieden.<\/p>\t\t\t\t\t\t<\/div>\n\t\t\t\t<\/div>\n\t\t\t\t\t<\/div>\n\t\t<\/div>\n\t\t\t\t\t<\/div>\n\t\t<\/section>\n\t\t\t\t<section class=\"elementor-section elementor-top-section elementor-element elementor-element-bdb3b1b elementor-section-boxed elementor-section-height-default elementor-section-height-default\" data-id=\"bdb3b1b\" data-element_type=\"section\">\n\t\t\t\t\t\t<div class=\"elementor-container elementor-column-gap-default\">\n\t\t\t\t\t<div class=\"elementor-column elementor-col-100 elementor-top-column elementor-element elementor-element-b26e400\" data-id=\"b26e400\" data-element_type=\"column\">\n\t\t\t<div class=\"elementor-widget-wrap elementor-element-populated\">\n\t\t\t\t\t\t<div class=\"elementor-element elementor-element-fa3b0c4 elementor-widget elementor-widget-premium-addon-person\" data-id=\"fa3b0c4\" data-element_type=\"widget\" data-settings=\"{&quot;persons_per_row_tablet&quot;:&quot;50%&quot;,&quot;persons_per_row&quot;:&quot;33.33%&quot;,&quot;persons_per_row_mobile&quot;:&quot;100%&quot;}\" data-widget_type=\"premium-addon-person.default\">\n\t\t\t\t<div class=\"elementor-widget-container\">\n\t\t\t\t\t<div class=\"premium-persons-container premium-person-style1 multiple-persons\" data-persons-equal=\"\">\r\n\t\t\t\t\t\t\t\t<div class=\"premium-person-container premium-person-none-effect\">\r\n\t\t\t\t\t\t<div class=\"premium-person-image-container\">\r\n\t\t\t\t\t\t\t<img decoding=\"async\" src=\"http:\/\/fsv-nuertingen.de\/wp-content\/uploads\/2023\/04\/IMG-20230407-WA0018.jpg\" title=\"\" alt=\"\" loading=\"lazy\" \/>\t\t\t\t\t\t\t\t\t\t\t\t\t<\/div>\r\n\t\t\t\t\t\t<div class=\"premium-person-info\">\r\n\t\t\t\t\t\t\t\t\t\t<div class=\"premium-person-info-container\">\r\n\t\t\t\t\t\t\t\t\t<h2 class=\"premium-person-name\">\r\n\t\t\t\t\t\tKevin Dilger\t\t\t\t\t<\/h2>\r\n\t\t\t\t\t\t\t\t\t\t\t<h4 class=\"premium-person-title\">\r\n\t\t\t\t\t\t\t<span>1. Vorstand<\/span>\r\n\t\t\t\t\t\t<\/h4>\r\n\t\t\t\t\t\t\t\t\t\t\t<div class=\"premium-person-content\">\r\n\t\t\t\t\t\t\t<p>Schon mit 8 Jahren sa\u00df ich zum ersten Mal in einem Segelflieger. Von dem Tag an habe ich nur darauf gewartet, dass ich endlich 14 Jahre alt werde und mit der Schulung beginnen kann.Heute kann ich mir kein besseres Hobby vorstellen. Mich fasziniert vor allem der Streckenflug. Es ist fast unbegreiflich, ganz ohne Energie \u00fcber 800 km am St\u00fcck zu fliegen. Der Zusammenhalt im Verein und die gemeinsamen Fliegerurlaube ins Fluglager oder auf Wettbewerbe sind immer ein tolles Erlebnis, an das man noch lange zur\u00fcck denkt.<\/p><p>Der Verein gibt einem sehr viel. So haben wir z.B. einen tollen Flugzeugpark mit Flugzeugen, die sich nur wenige Menschen privat leisten k\u00f6nnten. Schon mit 18 Jahren und nat\u00fcrlich auch heute noch durfte ich Flugzeuge f\u00fcr bis zu 3 Wochen mit in den Urlaub nehmen und hatte diese somit komplett f\u00fcr mich. F\u00fcr diese M\u00f6glichkeiten bin ich gerne bereit dem Verein mit meiner T\u00e4tigkeit als Fluglehrer und Vorstand etwas zur\u00fcck zu geben. Vor allem m\u00f6chte ich, dass auch noch viele Flugbegeisterte, genau wie ich, diese M\u00f6glichkeiten im Verein nutzen und sch\u00e4tzen k\u00f6nnen.<\/p>\t\t\t\t\t\t<\/div>\r\n\t\t\t\t\t\t\t\t<\/div>\r\n\t\t\t\t\t\t\t\t\t<\/div>\r\n\t\t\t\t\t<\/div>\r\n\t\t\t\t\t\t\t\t\t\t<div class=\"premium-person-container premium-person-none-effect\">\r\n\t\t\t\t\t\t<div class=\"premium-person-image-container\">\r\n\t\t\t\t\t\t\t<img decoding=\"async\" src=\"http:\/\/fsv-nuertingen.de\/wp-content\/uploads\/2023\/03\/thomas_1.jpg\" title=\"\" alt=\"\" loading=\"lazy\" \/>\t\t\t\t\t\t\t\t\t\t\t\t\t<\/div>\r\n\t\t\t\t\t\t<div class=\"premium-person-info\">\r\n\t\t\t\t\t\t\t\t\t\t<div class=\"premium-person-info-container\">\r\n\t\t\t\t\t\t\t\t\t<h2 class=\"premium-person-name\">\r\n\t\t\t\t\t\tThomas Schaich\t\t\t\t\t<\/h2>\r\n\t\t\t\t\t\t\t\t\t\t\t<h4 class=\"premium-person-title\">\r\n\t\t\t\t\t\t\t<span>2. Vorstand<\/span>\r\n\t\t\t\t\t\t<\/h4>\r\n\t\t\t\t\t\t\t\t\t\t\t<div class=\"premium-person-content\">\r\n\t\t\t\t\t\t\t<p>Weil ich quasi auf dem Flugplatz aufgewachsen bin, war es, als ich 14 wurde keine Frage, dass ich auch mit dem Segelfliegen beginnen wollte. Diesem Hobby mit Haut und Haar verfallen, war es auch kein Wunder, dass ich mich beruflich in diese Richtung orientierte und Luft- und Raumfahrttechnik studierte. Dort lernte ich auch meine Frau Conny kennen, die ebenfalls begeisterte Segelfliegerin ist.<\/p><p>Heute fasziniert mich am Segelfliegen sowohl die Technik, als auch das Spielen mit den Naturgewalten und der Energie, die in der thermikdurchw\u00fchlten Luft steckt. Besonders sch\u00f6n sind die Freundschaften, die man auf nationalen und auf internationalen Wettbewerben kn\u00fcpfen kann, auf denen ich mich regelm\u00e4\u00dfig als Pilot oder R\u00fcckholer \u201erumtreibe\u201c. Diese Verbindungen halten Jahre lang und ziehen sich zwischenzeitlich nicht nur \u00fcber ganz Deutschland.<\/p>\t\t\t\t\t\t<\/div>\r\n\t\t\t\t\t\t\t\t<\/div>\r\n\t\t\t\t\t\t\t\t\t<\/div>\r\n\t\t\t\t\t<\/div>\r\n\t\t\t\t\t\t\t\t\t\t<div class=\"premium-person-container premium-person-none-effect\">\r\n\t\t\t\t\t\t<div class=\"premium-person-image-container\">\r\n\t\t\t\t\t\t\t<img decoding=\"async\" src=\"http:\/\/fsv-nuertingen.de\/wp-content\/uploads\/2023\/03\/martin_1.jpg\" title=\"\" alt=\"\" loading=\"lazy\" \/>\t\t\t\t\t\t\t\t\t\t\t\t\t<\/div>\r\n\t\t\t\t\t\t<div class=\"premium-person-info\">\r\n\t\t\t\t\t\t\t\t\t\t<div class=\"premium-person-info-container\">\r\n\t\t\t\t\t\t\t\t\t<h2 class=\"premium-person-name\">\r\n\t\t\t\t\t\tMartin Schaich\t\t\t\t\t<\/h2>\r\n\t\t\t\t\t\t\t\t\t\t\t<h4 class=\"premium-person-title\">\r\n\t\t\t\t\t\t\t<span>Flugleiter<\/span>\r\n\t\t\t\t\t\t<\/h4>\r\n\t\t\t\t\t\t\t\t\t\t\t<div class=\"premium-person-content\">\r\n\t\t\t\t\t\t\t<p>Mir wurde das Interesse f\u00fcr&#8217;s Segelfliegen mit in die Wiege gelegt, da mein Vater auch flog und auch ein gro\u00dfer Teil der Familie. Schon fr\u00fch hab ich auf dem Flugplatz mitgeholfen, wo es ging bis es mit 15 dann endlich soweit war. Fluglehrer bin ich seit 1992.<\/p><p>Mich fasziniert am Segelfliegen, dass man mit ca. 1L Diesel f\u00fcr den Start an einem guten Tag zwischen Schwarzwald und Bayrischem Wald hin und herfliegen kann. Das spannende dabei ist, dass der direkte Flugweg selten der schnellste ist. Mir macht es Spa\u00df, Erfahrungen an Flugsch\u00fcler weiterzugeben. Der FSVN bietet hierf\u00fcr mit h\u00e4ufigen Windenbetrieb gute Voraussetzugen. Die Sicherheit beim Fliegen liegt mir am Herzen.<\/p>\t\t\t\t\t\t<\/div>\r\n\t\t\t\t\t\t\t\t<\/div>\r\n\t\t\t\t\t\t\t\t\t<\/div>\r\n\t\t\t\t\t<\/div>\r\n\t\t\t\t\t\t\t\t\t\t<div class=\"premium-person-container premium-person-none-effect\">\r\n\t\t\t\t\t\t<div class=\"premium-person-image-container\">\r\n\t\t\t\t\t\t\t<img decoding=\"async\" src=\"http:\/\/fsv-nuertingen.de\/wp-content\/uploads\/2023\/03\/paul_1.jpg\" title=\"\" alt=\"\" loading=\"lazy\" \/>\t\t\t\t\t\t\t\t\t\t\t\t\t<\/div>\r\n\t\t\t\t\t\t<div class=\"premium-person-info\">\r\n\t\t\t\t\t\t\t\t\t\t<div class=\"premium-person-info-container\">\r\n\t\t\t\t\t\t\t\t\t<h2 class=\"premium-person-name\">\r\n\t\t\t\t\t\tPaul Scheuter\t\t\t\t\t<\/h2>\r\n\t\t\t\t\t\t\t\t\t\t\t<h4 class=\"premium-person-title\">\r\n\t\t\t\t\t\t\t<span>Technischer Leiter und Jugendleiter<\/span>\r\n\t\t\t\t\t\t<\/h4>\r\n\t\t\t\t\t\t\t\t\t\t\t<div class=\"premium-person-content\">\r\n\t\t\t\t\t\t\t<p>Als ich 2005 mit 14 in den Verein kam verstand es mein damaliger noch sehr junger Fluglehrer mir die Faszination des Fliegens einzuimpfen. Nachdem ich mit 16 meinen Flugschein in H\u00e4nden hielt widmete ich mich der Wettbewerbsfliegerei und schaffte es, mich f\u00fcr die deutsche Meisterschaft der Junioren 2012 zu qualifizieren. Seit meinem 20. Lebensjahr bin ich auch Fluglehrer und versuche jene Faszination, die ich mit 14 Jahren verinnerlicht habe, an all meine Flugsch\u00fcler weiter zu geben.<\/p>\t\t\t\t\t\t<\/div>\r\n\t\t\t\t\t\t\t\t<\/div>\r\n\t\t\t\t\t\t\t\t\t<\/div>\r\n\t\t\t\t\t<\/div>\r\n\t\t\t\t\t\t\t\t\t\t<div class=\"premium-person-container premium-person-none-effect\">\r\n\t\t\t\t\t\t<div class=\"premium-person-image-container\">\r\n\t\t\t\t\t\t\t<img decoding=\"async\" src=\"http:\/\/fsv-nuertingen.de\/wp-content\/uploads\/2023\/03\/ralf_1.jpg\" title=\"\" alt=\"\" loading=\"lazy\" \/>\t\t\t\t\t\t\t\t\t\t\t\t\t<\/div>\r\n\t\t\t\t\t\t<div class=\"premium-person-info\">\r\n\t\t\t\t\t\t\t\t\t\t<div class=\"premium-person-info-container\">\r\n\t\t\t\t\t\t\t\t\t<h2 class=\"premium-person-name\">\r\n\t\t\t\t\t\tRalf Lechner\t\t\t\t\t<\/h2>\r\n\t\t\t\t\t\t\t\t\t\t\t<h4 class=\"premium-person-title\">\r\n\t\t\t\t\t\t\t<span>Kassier<\/span>\r\n\t\t\t\t\t\t<\/h4>\r\n\t\t\t\t\t\t\t\t\t\t\t<div class=\"premium-person-content\">\r\n\t\t\t\t\t\t\t<p>Fliegen ist eine der sch\u00f6nsten M\u00f6glichkeiten, um unsere Welt zu sehen und zu verstehen. Denn manchmal bedarf es etwas Abstand um Details zu erkennen.<\/p>\t\t\t\t\t\t<\/div>\r\n\t\t\t\t\t\t\t\t<\/div>\r\n\t\t\t\t\t\t\t\t\t<\/div>\r\n\t\t\t\t\t<\/div>\r\n\t\t\t\t\t\t\t\t\t\t<div class=\"premium-person-container premium-person-none-effect\">\r\n\t\t\t\t\t\t<div class=\"premium-person-image-container\">\r\n\t\t\t\t\t\t\t<img decoding=\"async\" src=\"http:\/\/fsv-nuertingen.de\/wp-content\/uploads\/2023\/02\/Logo_Final_FSV.png\" title=\"\" alt=\"\" loading=\"lazy\" \/>\t\t\t\t\t\t\t\t\t\t\t\t\t<\/div>\r\n\t\t\t\t\t\t<div class=\"premium-person-info\">\r\n\t\t\t\t\t\t\t\t\t\t<div class=\"premium-person-info-container\">\r\n\t\t\t\t\t\t\t\t\t<h2 class=\"premium-person-name\">\r\n\t\t\t\t\t\tChristina Liedle\t\t\t\t\t<\/h2>\r\n\t\t\t\t\t\t\t\t\t\t\t<h4 class=\"premium-person-title\">\r\n\t\t\t\t\t\t\t<span>Finanzbeisitzerin<\/span>\r\n\t\t\t\t\t\t<\/h4>\r\n\t\t\t\t\t\t\t\t\t\t\t<div class=\"premium-person-content\">\r\n\t\t\t\t\t\t\t<p>\u00a0<\/p><p>\u00a0<\/p>\t\t\t\t\t\t<\/div>\r\n\t\t\t\t\t\t\t\t<\/div>\r\n\t\t\t\t\t\t\t\t\t<\/div>\r\n\t\t\t\t\t<\/div>\r\n\t\t\t\t\t\t\t\t\t\t<div class=\"premium-person-container premium-person-none-effect\">\r\n\t\t\t\t\t\t<div class=\"premium-person-image-container\">\r\n\t\t\t\t\t\t\t<img decoding=\"async\" src=\"http:\/\/fsv-nuertingen.de\/wp-content\/uploads\/2023\/02\/Logo_Final_FSV.png\" title=\"\" alt=\"\" loading=\"lazy\" \/>\t\t\t\t\t\t\t\t\t\t\t\t\t<\/div>\r\n\t\t\t\t\t\t<div class=\"premium-person-info\">\r\n\t\t\t\t\t\t\t\t\t\t<div class=\"premium-person-info-container\">\r\n\t\t\t\t\t\t\t\t\t<h2 class=\"premium-person-name\">\r\n\t\t\t\t\t\tOliver Schmidt\t\t\t\t\t<\/h2>\r\n\t\t\t\t\t\t\t\t\t\t\t<h4 class=\"premium-person-title\">\r\n\t\t\t\t\t\t\t<span>Motorflugreferent<\/span>\r\n\t\t\t\t\t\t<\/h4>\r\n\t\t\t\t\t\t\t\t\t\t\t<div class=\"premium-person-content\">\r\n\t\t\t\t\t\t\t<p>\u00a0<\/p><p>\u00a0<\/p>\t\t\t\t\t\t<\/div>\r\n\t\t\t\t\t\t\t\t<\/div>\r\n\t\t\t\t\t\t\t\t\t<\/div>\r\n\t\t\t\t\t<\/div>\r\n\t\t\t\t\t\t\t\t\t\t<div class=\"premium-person-container premium-person-none-effect\">\r\n\t\t\t\t\t\t<div class=\"premium-person-image-container\">\r\n\t\t\t\t\t\t\t<img decoding=\"async\" src=\"http:\/\/fsv-nuertingen.de\/wp-content\/uploads\/2023\/02\/Logo_Final_FSV.png\" title=\"\" alt=\"\" loading=\"lazy\" \/>\t\t\t\t\t\t\t\t\t\t\t\t\t<\/div>\r\n\t\t\t\t\t\t<div class=\"premium-person-info\">\r\n\t\t\t\t\t\t\t\t\t\t<div class=\"premium-person-info-container\">\r\n\t\t\t\t\t\t\t\t\t<h2 class=\"premium-person-name\">\r\n\t\t\t\t\t\tAndreas B\u00f6ttigheimer\t\t\t\t\t<\/h2>\r\n\t\t\t\t\t\t\t\t\t\t\t<h4 class=\"premium-person-title\">\r\n\t\t\t\t\t\t\t<span>Schriftf\u00fchrer<\/span>\r\n\t\t\t\t\t\t<\/h4>\r\n\t\t\t\t\t\t\t\t\t\t\t<div class=\"premium-person-content\">\r\n\t\t\t\t\t\t\t<p>\u00a0<\/p><p>\u00a0<\/p>\t\t\t\t\t\t<\/div>\r\n\t\t\t\t\t\t\t\t<\/div>\r\n\t\t\t\t\t\t\t\t\t<\/div>\r\n\t\t\t\t\t<\/div>\r\n\t\t\t\t\t\t\t<\/div>\r\n\t\t\t\t<\/div>\n\t\t\t\t<\/div>\n\t\t\t\t\t<\/div>\n\t\t<\/div>\n\t\t\t\t\t<\/div>\n\t\t<\/section>\n\t\t\t\t<section class=\"elementor-section elementor-top-section elementor-element elementor-element-e3b7767 elementor-section-boxed elementor-section-height-default elementor-section-height-default\" data-id=\"e3b7767\" data-element_type=\"section\">\n\t\t\t\t\t\t<div class=\"elementor-container elementor-column-gap-default\">\n\t\t\t\t\t<div class=\"elementor-column elementor-col-100 elementor-top-column elementor-element elementor-element-41f7d6d\" data-id=\"41f7d6d\" data-element_type=\"column\">\n\t\t\t<div class=\"elementor-widget-wrap elementor-element-populated\">\n\t\t\t\t\t\t<div class=\"elementor-element elementor-element-a154135 elementor-widget elementor-widget-jkit_testimonials\" data-id=\"a154135\" data-element_type=\"widget\" data-widget_type=\"jkit_testimonials.default\">\n\t\t\t\t<div class=\"elementor-widget-container\">\n\t\t\t<div  class=\"jeg-elementor-kit jkit-testimonials arrow-bottom-edge style-1  jeg_module___69dfcd39237c2\"  data-id=\"jeg_module___69dfcd39237c2\" data-settings=\"{&quot;autoplay&quot;:false,&quot;autoplay_speed&quot;:3500,&quot;autoplay_hover_pause&quot;:false,&quot;show_navigation&quot;:false,&quot;navigation_left&quot;:&quot;&lt;span&gt;&lt;i aria-hidden=\\&quot;true\\&quot; class=\\&quot;jki jki-left-arrow-7\\&quot;&gt;&lt;\\\/i&gt;&lt;\\\/span&gt;&quot;,&quot;navigation_right&quot;:&quot;&lt;span&gt;&lt;i aria-hidden=\\&quot;true\\&quot; class=\\&quot;jki jki-right-arrow-7\\&quot;&gt;&lt;\\\/i&gt;&lt;\\\/span&gt;&quot;,&quot;show_dots&quot;:false,&quot;arrow_position&quot;:&quot;bottom&quot;,&quot;responsive&quot;:{&quot;desktop&quot;:{&quot;items&quot;:1,&quot;margin&quot;:10,&quot;breakpoint&quot;:1025},&quot;tablet&quot;:{&quot;items&quot;:1,&quot;margin&quot;:10,&quot;breakpoint&quot;:768},&quot;mobile&quot;:{&quot;items&quot;:1,&quot;margin&quot;:10,&quot;breakpoint&quot;:0}}}\"><div class=\"testimonials-list\">\n            <div class=\"testimonials-track\"><div class=\"testimonial-item  elementor-repeater-item-1c032e3\">\n                <div class=\"testimonial-box\" >\n                    <div class=\"testimonial-slider hover-from-left\">\n                        <div class=\"comment-bio\">\n                <div class=\"profile-image\"><img decoding=\"async\" width=\"96\" height=\"96\" src=\"https:\/\/www.fsv-nuertingen.de\/wp-content\/uploads\/2023\/04\/bernhard_2.png\" class=\"source-library\" alt=\"Bernhard Kr\u00e4mer\" url=\"http:\/\/web345.server26.webgo24.de\/wp-content\/uploads\/2023\/04\/bernhard_2.png\" source=\"library\" \/><\/div>\n                <ul class=\"rating-stars\"><\/ul>\n                <span class=\"profile-info\">\n                    <strong class=\"profile-name\">Bernhard Kr\u00e4mer<\/strong>\n                    <p class=\"profile-des\">Freizeitflieger<\/p>\n                <\/span>\n            <\/div><div class=\"comment-content\"><div class=\"icon-content\"><\/div><p>Auf unseren Flugzeugpark sind wir sehr stolz. Es gibt nicht viele Vereine, die so herausragende Flugzeuge in dieser Anzahl f\u00fcr ihre Mitglieder bieten k\u00f6nnen. Besonders ist auch, dass diese Flotte nicht durch gro\u00dfe Spenden, sondern durch jahrzentelanges Engagement der Mitglieder m\u00f6glich wurde!<\/p><\/div>\n                    <\/div>\n                <\/div>\n            <\/div><\/div>\n        <\/div><\/div>\t\t<\/div>\n\t\t\t\t<\/div>\n\t\t\t\t\t<\/div>\n\t\t<\/div>\n\t\t\t\t\t<\/div>\n\t\t<\/section>\n\t\t\t\t<section class=\"elementor-section elementor-top-section elementor-element elementor-element-2a6f0a96 elementor-section-boxed elementor-section-height-default elementor-section-height-default\" data-id=\"2a6f0a96\" data-element_type=\"section\">\n\t\t\t\t\t\t<div class=\"elementor-container elementor-column-gap-default\">\n\t\t\t\t\t<div class=\"elementor-column elementor-col-100 elementor-top-column elementor-element elementor-element-53dbca08\" data-id=\"53dbca08\" data-element_type=\"column\">\n\t\t\t<div class=\"elementor-widget-wrap elementor-element-populated\">\n\t\t\t\t\t\t<div class=\"elementor-element elementor-element-68833256 elementor-widget elementor-widget-spacer\" data-id=\"68833256\" data-element_type=\"widget\" data-widget_type=\"spacer.default\">\n\t\t\t\t<div class=\"elementor-widget-container\">\n\t\t\t\t\t<div class=\"elementor-spacer\">\n\t\t\t<div class=\"elementor-spacer-inner\"><\/div>\n\t\t<\/div>\n\t\t\t\t<\/div>\n\t\t\t\t<\/div>\n\t\t\t\t\t<\/div>\n\t\t<\/div>\n\t\t\t\t\t<\/div>\n\t\t<\/section>\n\t\t\t\t<\/div>\n\t\t","protected":false},"excerpt":{"rendered":"<p>Das Team. Zu jedem Verein geh\u00f6rt ein Vorstandsteam. Dieses k\u00fcmmert sich um die Organisation des Vereins, finanzielle sowie [&hellip;]<\/p>\n","protected":false},"author":1,"featured_media":0,"parent":0,"menu_order":0,"comment_status":"closed","ping_status":"closed","template":"elementor_header_footer","meta":{"footnotes":""},"class_list":["post-4332","page","type-page","status-publish","hentry","rishi-post","no-post-thumbnail"],"rishi__cb_customizer_meta":"","_links":{"self":[{"href":"https:\/\/www.fsv-nuertingen.de\/index.php?rest_route=\/wp\/v2\/pages\/4332","targetHints":{"allow":["GET"]}}],"collection":[{"href":"https:\/\/www.fsv-nuertingen.de\/index.php?rest_route=\/wp\/v2\/pages"}],"about":[{"href":"https:\/\/www.fsv-nuertingen.de\/index.php?rest_route=\/wp\/v2\/types\/page"}],"author":[{"embeddable":true,"href":"https:\/\/www.fsv-nuertingen.de\/index.php?rest_route=\/wp\/v2\/users\/1"}],"replies":[{"embeddable":true,"href":"https:\/\/www.fsv-nuertingen.de\/index.php?rest_route=%2Fwp%2Fv2%2Fcomments&post=4332"}],"version-history":[{"count":139,"href":"https:\/\/www.fsv-nuertingen.de\/index.php?rest_route=\/wp\/v2\/pages\/4332\/revisions"}],"predecessor-version":[{"id":7526,"href":"https:\/\/www.fsv-nuertingen.de\/index.php?rest_route=\/wp\/v2\/pages\/4332\/revisions\/7526"}],"wp:attachment":[{"href":"https:\/\/www.fsv-nuertingen.de\/index.php?rest_route=%2Fwp%2Fv2%2Fmedia&parent=4332"}],"curies":[{"name":"wp","href":"https:\/\/api.w.org\/{rel}","templated":true}]}}